 -53 (base 13) to base 9.
-75
Convert 195 (base 10) to base 6.
523
Convert -7 (base 10) to base 12.
-7
What is -101021 (base 3) in base 6?
-1141
Convert -208 (base 9) to base 16.
-aa
1 (base 15) to base 4
1
Convert 2 (base 12) to base 9.
2
What is 303 (base 7) in base 10?
150
Convert -11 (base 3) to base 8.
-4
Convert 100 (base 3) to base 15.
9
-10 (base 3) to base 6
-3
What is -231 (base 5) in base 4?
-1002
Convert -29 (base 11) to base 4.
-133
-2 (base 10) to base 4
-2
28 (base 9) to base 11
24
What is -21 (base 10) in base 6?
-33
What is 137 (base 8) in base 13?
74
-22 (base 7) to base 3
-121
What is -44 (base 5) in base 3?
-220
Convert -2d (base 14) to base 6.
-105
2 (base 11) to base 3
2
What is 5 (base 16) in base 4?
11
What is 25 (base 7) in base 5?
34
11 (base 3) to base 10
4
What is -10 (base 13) in base 14?
-d
-48 (base 12) to base 10
-56
What is 1a (base 11) in base 5?
41
-a3 (base 12) to base 9
-146
34 (base 7) to base 12
21
110001 (base 2) to base 11
45
2 (base 12) to base 6
2
What is 3 (base 13) in base 7?
3
-10 (base 5) to base 13
-5
What is 32 (base 9) in base 3?
1002
Convert -311 (base 6) to base 8.
-163
What is 247 (base 8) in base 2?
10100111
What is -3 (base 5) in base 3?
-10
-2 (base 7) to base 10
-2
What is 1 (base 7) in base 3?
1
What is 3 (base 5) in base 15?
3
Convert 3 (base 8) to base 6.
3
-2 (base 12) to base 16
-2
3 (base 9) to base 16
3
1040 (base 5) to base 6
401
What is -140 (base 6) in base 3?
-2020
What is -10 (base 3) in base 6?
-3
-a5 (base 16) to base 5
-1130
What is -204 (base 10) in base 13?
-129
Convert 7 (base 12) to base 5.
12
Convert -101 (base 2) to base 7.
-5
What is -14 (base 6) in base 11?
-a
46 (base 16) to base 10
70
-10112 (base 3) to base 6
-235
Convert 45 (base 12) to base 2.
110101
19 (base 10) to base 15
14
What is -31 (base 9) in base 8?
-34
-15 (base 9) to base 12
-12
13 (base 12) to base 13
12
53 (base 13) to base 11
62
What is -110 (base 3) in base 14?
-c
What is 3 (base 5) in base 8?
3
Convert -1 (base 2) to base 14.
-1
3 (base 15) to base 8
3
What is 100111 (base 3) in base 6?
1104
What is -66 (base 16) in base 5?
-402
Convert 1 (base 4) to base 5.
1
What is 24 (base 14) in base 2?
100000
What is -2020 (base 3) in base 8?
-74
Convert 2130 (base 5) to base 2.
100100010
Convert 0 (base 13) to base 9.
0
What is -31 (base 5) in base 10?
-16
8 (base 10) to base 8
10
1340 (base 5) to base 13
13c
1f (base 16) to base 2
11111
Convert -1f (base 16) to base 10.
-31
What is -1 (base 4) in base 5?
-1
3 (base 7) to base 3
10
What is 3 (base 14) in base 5?
3
What is 2 (base 3) in base 12?
2
Convert 84 (base 9) to base 11.
6a
112 (base 3) to base 13
11
Convert 24 (base 11) to base 10.
26
What is -3 (base 6) in base 9?
-3
223 (base 4) to base 15
2d
1 (base 12) to base 11
1
-22 (base 15) to base 7
-44
What is 16 (base 10) in base 2?
10000
What is -11011 (base 2) in base 8?
-33
Convert 216 (base 7) to base 9.
133
What is -11 (base 13) in base 10?
-14
1 (base 3) to base 4
1
Convert 0 (base 12) to base 4.
0
-64 (base 9) to base 15
-3d
-9 (base 10) to base 15
-9
Convert 1000 (base 4) to base 7.
121
What is 262 (base 8) in base 6?
454
-c (base 15) to base 12
-10
Convert 1 (base 10) to base 3.
1
-11 (base 4) to base 9
-5
3 (base 12) to base 5
3
Convert 239 (base 11) to base 13.
18b
Convert -101 (base 5) to base 16.
-1a
Convert -20 (base 4) to base 16.
-8
What is -131 (base 7) in base 13?
-56
Convert -1001011 (base 2) to base 4.
-1023
What is -1243 (base 5) in base 11?
-170
What is -9 (base 14) in base 15?
-9
What is -17 (base 13) in base 2?
-10100
What is 1 (base 13) in base 16?
1
12 (base 7) to base 11
9
What is 10 (base 14) in base 5?
24
-14 (base 7) to base 13
-b
Convert 1310 (base 4) to base 5.
431
198 (base 13) to base 8
446
What is -b (base 13) in base 2?
-1011
What is -2 (base 12) in base 9?
-2
Convert -3 (base 7) to base 13.
-3
-2 (base 10) to base 3
-2
What is 303 (base 6) in base 12?
93
What is 11 (base 7) in base 4?
20
What is 4 (base 10) in base 15?
4
-110 (base 5) to base 9
-33
-10c (base 13) to base 16
-b5
What is 6 (base 7) in base 2?
110
What is 3 (base 11) in base 15?
3
19a (base 16) to base 8
632
Convert -355 (base 7) to base 11.
-160
Convert 19 (base 14) to base 12.
1b
What is 111 (base 5) in base 2?
11111
Convert 16 (base 7) to base 14.
d
What is 0 (base 11) in base 6?
0
-7 (base 15) to base 4
-13
What is -110001 (base 2) in base 3?
-1211
148 (base 11) to base 5
1143
Convert 2 (base 11) to base 5.
2
What is 0 (base 10) in base 13?
0
Convert 2 (base 7) to base 14.
2
What is -f5 (base 16) in base 2?
-11110101
Convert -1000 (base 2) to base 15.
-8
Convert 11 (base 14) to base 8.
17
Convert -20 (base 3) to base 9.
-6
What is -22000 (base 3) in base 6?
-1000
What is -21 (base 4) in base 14?
-9
What is -7c (base 15) in base 12?
-99
Convert 24 (base 5) to base 15.
e
What is 2 (base 16) in base 10?
2
Convert 2 (base 16) to base 13.
2
332 (base 4) to base 7
116
What is 48 (base 9) in base 13?
35
Convert -b (base 15) to base 4.
-23
What is 13 (base 6) in base 13?
9
Convert 454 (base 6) to base 5.
1203
-13 (base 10) to base 9
-14
What is -84 (base 9) in base 15?
-51
-3 (base 4) to base 14
-3
Convert -2 (base 3) to base 8.
-2
What is -23 (base 13) in base 3?
-1002
153 (base 7) to base 16
57
11 (base 3) to base 2
100
What is 20 (base 3) in base 6?
10
What is 0 (base 5) in base 4?
0
What is 125 (base 8) in base 9?
104
-14 (base 13) to base 16
-11
What is 230 (base 4) in base 11?
40
Convert -4 (base 6) to base 14.
-4
What is -2 (base 8) in base 5?
-2
Convert -31 (base 8) to base 10.
-25
-8 (base 11) to base 5
-13
-11 (base 6) to base 8
-7
-50 (base 6) to base 4
-132
What is 2 (base 15) in base 5?
2
Convert -14 (base 8) to base 15.
-c
-155 (base 6) to base 3
-2122
Convert 51 (base 16) to base 2.
1010001
What is -2 (base 16) in base 8?
-2
Convert 11 (base 4) to base 12.
5
What is -b8 (base 16) in base 10?
-184
-12 (base 12) to base 8
-16
What is -4 (base 7) in base 8?
-4
-241 (base 6) to base 2
-1100001
-28 (base 10) to base 4
-130
3 (base 16) to base 10
3
1 (base 4) to base 15
1
Convert -223 (base 12) to base 7.
-630
0 (base 8) to base 10
0
87 (base 13) to base 4
1233
Convert 85 (base 11) to base 6.
233
0 (base 14) to base 15
0
What is 8 (base 13) in base 9?
8
-34 (base 7) to base 2
-11001
What is -50 (base 12) in base 11?
-55
Convert a (base 12) to base 6.
14
Convert 104 (base 11) to base 6.
325
Convert 24 (base 5) to base 2.
1110
What is -4 (base 15) in base 9?
-4
What is -324 (base 6) in base 2?
-1111100
Convert -11 (base 2) to base 6.
-3
What is 6 (base 15) in base 10?
6
-3 (base 4) to base 13
-3
What is 22 (base 10) in base 11?
20
22 (base 6) to base 8
16
Convert -10 (base 3) to base 12.
-3
What is -74 (base 10) in base 11?
-68
Convert 10 (base 4) to base 8.
4
1 (base 4) to base 7
1
Convert -1 (base 7) to base 6.
-1
-132 (base 8) to base 7
-156
Convert -2131 (base 4) to base 5.
-1112
100000 (base 2) to base 16
20
-25 (base 8) to base 13
-18
What is 7b (base 15) in base 2?
1110100
-240 (base 11) to base 7
-556
2 (base 4) to base 7
2
What is -b (base 16) in base 14?
-b
What is 1c (base 16) in base 14?
20
-12 (base 9) to base 4
-23
-37 (base 16) to base 13
-43
What is 3 (base 15) in base 2?
11
-25 (base 16) to base 4
-211
Convert 3 (base 16) to base 2.
11
Convert 2 (base 5) to base 10.
2
Convert 52 (base 13) to base 6.
151
-3 (base 10) to base 13
-3
What is 13 (base 5) in base 10?
8
Convert 5 (base 14) to base 5.
10
What is -1011 (base 2) in base 12?
-b
Convert -14 (base 7) to base 10.
-11
Convert -10 (base 10) to base 16.
-a
What is 101 (base 4) in base 14?
13
What is -2 (base 15) in base 4?
-2
Convert -14 (base 11) to base 16.
-f
56 (base 9) to base 2
110011
What is 27 (base 11) in base 15?
1e
-69 (base 10) to base 4
-1011
1 (base 13) to base 16
1
What is -1 (base 11) in base 13?
-1
Convert 301 (base 4) to base 9.
54
4 (base 16) to base 14
4
What is 110111 (base 2) in base 4?
313
What is -32 (base 9) in base 13?
-23
What is 10010101 (base 2) in base 5?
1044
-6 (base 16) to base 7
-6
Convert 101 (base 2) to base 10.
5
2 (base 8) to base 7
2
-32 (base 13) to base 8
-51
Convert 3 (base 5) to base 11.
3
10 (base 12) to base 4
30
-22 (base 4) to base 10
-10
Convert 101 (base 4) to base 15.
12
Conver